1
Let s = 349 + -91. Let m = s - 118. Calculate the highest common divisor of 20 and m.
20
Suppose -f - a + 43 = 0, -5*f + 362 = -2*a + 112. Let d(g) = -3*g - 3. Let q be d(-3). What is the highest common divisor of f and q?
6
Suppose 0 = 9*q - 4*q - 135. Let c(a) = -6*a + 297. Let x be c(27). Calculate the greatest common divisor of q and x.
27
Let j = 22 + -34. Let c = 52 - j. What is the highest common factor of c and 16?
16
Suppose 0 = 24*i - 20*i + 16. Let u = i - -22. What is the highest common factor of 18 and u?
18
Suppose -6*z + 5*n + 22 = -77, 0 = 4*z - 4*n - 64. Suppose 3*l = 8*l - 665. What is the greatest common divisor of z and l?
19
Let s(l) = l + 54. Let r be 0/((-10)/(-5) + 1). Let n be s(r). Let c = -29 + 35. What is the greatest common divisor of n and c?
6
Let v be -1*(12 + -3 + -1). Let q(i) = -3*i + 11. Let b be q(v). Calculate the highest common divisor of 105 and b.
35
Suppose -2*y + 2*o = 28, 4*y = -o + 3*o - 48. Let z be (8/6)/(y/(-15)). Calculate the highest common divisor of z and 14.
2
Let t = 577 - 547. Calculate the greatest common factor of t and 290.
10
Let i(m) = m**2 + 5*m + 5. Let v be i(-5). Let g(t) = 3*t - 18. Let s be g(6). Suppose -20 = -s*d - 2*d. Calculate the highest common divisor of d and v.
5
Let w(f) = f**2 + 9*f + 9. Let t be w(-4). Let n = 13 + t. Suppose -6*a = -a - n*q - 80, 0 = 5*a + 3*q - 80. Calculate the highest common factor of 8 and a.
8
Let i(z) = -z**2 - 148*z + 55. Let x be i(0). What is the highest common factor of x and 121?
11
Suppose 91*l - 85*l - 1242 = 0. What is the highest common factor of l and 36?
9
Let p(i) = -287*i**3 + 2*i**2 - 13*i - 15. Let u be p(-1). What is the highest common factor of u and 41?
41
Suppose -16 = -5*v - 6. Suppose 3*a = -5*l + 46, -v*l + 0*a + 12 = -2*a. Calculate the greatest common factor of l and 16.
8
Suppose 0 = -2*m - 23 + 55. Suppose 61 - m = 5*p. What is the greatest common factor of p and 99?
9
Let t(n) = n**2 - 13*n - 6. Let b be t(14). Suppose -28 = b*j - 9*j. Calculate the greatest common divisor of j and 14.
14
Let y(w) = -12*w. Let l be y(-2). Let v = 36 - l. Let j be -128*(2 + (-2)/((-24)/(-33))). Calculate the highest common divisor of v and j.
12
Let d(t) = -6*t - 6. Let j be d(-7). Let n be ((-44)/(-66))/((-52)/27 + 2). Calculate the highest common divisor of n and j.
9
Let j be 450/27 - (-1)/3. Let a = j + -13. Suppose 205 = a*q + 13. What is the highest common divisor of 120 and q?
24
Let n be 6/(-10) - (-306)/10. Suppose 3*v - n = -3*v. Let h = 36 - 11. Calculate the greatest common divisor of v and h.
5
Let d(t) = 94*t**2 + 30*t + 10. Let u be d(-4). Calculate the highest common divisor of 82 and u.
82
Suppose -1182 = -32*t + 162. Suppose 5*s + 85 = 5*c, 0 = 4*s + 7 + 5. Calculate the greatest common factor of c and t.
14
Let a(l) = -l**3 + 16*l**2 - 22*l + 392. Let g be a(16). Calculate the greatest common divisor of 1820 and g.
20
Suppose 4*d - 587 = 157. Let c = 30 - d. Let h be c/(-6) + 2/(-1). Calculate the greatest common factor of h and 168.
24
Let p be (-10 - 204/(-20)) + 1736/20. Suppose -47 + 134 = 3*g - 2*b, -2*b - 145 = -5*g. Calculate the greatest common factor of p and g.
29
Let t be 300*(-1 + 48/36). Let n be (-3)/(0 + 3/(-10)). What is the highest common divisor of t and n?
10
Suppose 46 = -13*h + 1268. Let v = 0 - 44. Let o = h + v. What is the highest common factor of 25 and o?
25
Suppose -464 - 20 = -22*n. Let x = -5 + 60. Calculate the highest common factor of x and n.
11
Let s be 114 - 42/(-3 - 4). Calculate the greatest common divisor of s and 45.
15
Let t be (-5)/((-100)/652) - (-3)/(-5). What is the greatest common factor of t and 176?
16
Let g(n) = 3*n - 2*n**2 + 3*n**2 + 8*n + 14. Let v be g(-14). Let s be (1 + 13)/(-2 + 3). What is the highest common divisor of v and s?
14
Let a = -848 + 899. Calculate the highest common factor of a and 204.
51
Let t be (-1485)/22*6/(-9). Calculate the highest common divisor of 5 and t.
5
Let w be (-236)/(-9) - 10/45. Suppose w - 191 = -5*q. Suppose x = 3, x = -3*p + 2*p + q. Calculate the highest common divisor of 10 and p.
10
Suppose 0 = 11*q - 16*q. Suppose 5*k + 3*o + 56 = 257, q = -5*k + 5*o + 225. What is the greatest common factor of k and 6?
6
Let w be (7/(-5) - -1)*-5. Let t(j) = 20*j + 351. Let d be t(-15). Suppose 0 = -w*x + d - 11. What is the highest common factor of 100 and x?
20
Suppose -p + 518 - 35 = 4*m, -4*p + 3*m + 1989 = 0. What is the greatest common factor of p and 110?
55
Suppose s + 1055 = 4*k, 5*s + 787 = 4*k - k. What is the greatest common divisor of k and 96?
24
Let m be (0 + 62)*(-4)/(-8). Suppose -2*y - 21 = -9*y. Suppose 5*d = -y*h + m, -2*d + 0*h + 31 = -5*h. Calculate the highest common divisor of 72 and d.
8
Suppose -125*t + 16 = -123*t. Calculate the highest common divisor of 1 and t.
1
Let g(r) = -r**3 - 5*r**2 - 13*r - 12. Let f be g(-4). What is the highest common factor of 156 and f?
12
Let d = 30 - 26. Suppose -d*x + 7 = -33. Let q be (-6)/x - 930/(-50). Calculate the greatest common divisor of q and 6.
6
Let a = 1 + 9. Suppose -11*q = -16*q + 125. What is the highest common divisor of a and q?
5
Let w = -52 - -66. Let z be (-498)/(-6) + 3/9*3. Calculate the greatest common divisor of z and w.
14
Suppose -7*g + 355 + 1430 = 0. What is the highest common factor of g and 30?
15
Let t = 243 + -220. Calculate the highest common divisor of t and 69.
23
Let k = -91 + 245. Let o = -11 - -8. Let a be 23 + (-3 - o - 1). What is the highest common divisor of k and a?
22
Suppose 0 = 10*n - 8*n - 2*r - 418, 0 = -3*r + 3. What is the greatest common divisor of 60 and n?
30
Suppose 0*p = -2*p - 22. Let a = 14 + p. Suppose -5*x + a*x = -12. What is the greatest common divisor of x and 24?
6
Suppose h = -3*h - 4*d + 16, h - 2*d = 13. Suppose -7*p + 5*p + 2 = 0. Let x be ((-3)/6*(-6)/p)/3. What is the highest common divisor of h and x?
1
Let p(r) = 22*r - 23. Let q be p(11). What is the highest common divisor of q and 146?
73
Let g = -451 - -645. Suppose 2*i + 0*w - 2*w = 136, -3*i + 5*w = -g. Suppose -v + i + 4 = 0. Calculate the greatest common divisor of 11 and v.
11
Let g(r) = -r**3 - 25*r - 13*r**2 - 15*r + 20*r - 41. Let k be g(-12). Suppose u + 30 + 29 = 5*s, -5*u + 35 = 5*s. What is the highest common factor of s and k?
11
Suppose -168 = -17*x + 36. What is the greatest common divisor of x and 52?
4
Suppose -13 = 10*i + 227. Let d be 2/12 + (-740)/i. Suppose 0 = -5*x + 174 + 601. Calculate the greatest common factor of x and d.
31
Let s(t) = t + 10. Let c be s(-8). Suppose -4*d - 2*i + 83 = -67, 0 = c*i + 10. What is the greatest common factor of d and 5?
5
Let d = -10 - -12. Suppose 0 = d*x + 9 - 41. What is the greatest common divisor of x and 112?
16
Let c(n) = 455*n**2 + 5*n - 18. Let m be c(2). What is the highest common divisor of m and 12?
12
Let r be 0/(-1) + (13 - 7). Let w = 7 - r. Suppose -2*u + w = -55. What is the highest common factor of u and 70?
14
Suppose 80*y = 85*y - 220. Let m be 0 + -1 + 108 - -3. What is the greatest common divisor of y and m?
22
Suppose -1358 = -11*o + 325. Calculate the highest common divisor of o and 3519.
153
Suppose -z = -3*t - 24, 34 = -16*z + 17*z - t. What is the greatest common divisor of 13 and z?
13
Let v = 260 + -245. Calculate the highest common factor of 65 and v.
5
Suppose -2*c - j = -8, 0*c = -c - 4*j + 18. Let u(i) = 10*i**2 + 2*i - 4. Let l be u(c). Calculate the highest common divisor of l and 30.
10
Suppose -2*g - 26 = -2*p + 30, -2*g = 4*p - 88. Calculate the greatest common factor of p and 80.
8
Suppose c + 6 = y, 3*c = -2*y - 0*c - 3. Suppose 3*d - y*j - 3 = 2*j, -d - 5*j = -21. Calculate the greatest common divisor of 6 and d.
6
Suppose 5*h + 0*i = -i - 23, -2*h = -5*i + 20. Let a be (h + -1)/(-2 - (-4)/3). Calculate the greatest common divisor of a and 12.
3
Let f(o) = -3*o**2. Let q be f(-1). Let u(r) = r**3 + 4*r**2 - 4. Let y be u(q). Calculate the highest common divisor of y and 5.
5
Suppose -2 = 3416*z - 3417*z. Calculate the greatest common factor of 386 and z.
2
Suppose 0 = -5*f + 6*f - 22. Calculate the highest common factor of 704 and f.
22
Let s(t) = -t**3 + t**2. Let v(z) = 4*z**3 + 9*z**2 + 14*z - 12. Let u(g) = 5*s(g) + v(g). Let d be u(14). What is the gre